e i(-7). Suppose 2*s - 488 - 426 = -q, 3*s - d*q - 1371 = 0. Is s a prime number?
True
Let x = -27 - -29. Suppose 5*b - 5411 = x*v, 0*b - 3*b = v - 3240. Is b composite?
True
Suppose -z + 5*q + 22804 = 0, 22812 = -54*z + 55*z + 3*q. Is z composite?
True
Suppose 10 = -a + 3*a. Suppose -i - 2 - 16 = a*u, 30 = -4*i + u. Let m = i + 29. Is m composite?
True
Suppose -10 = -2*k - 2. Suppose 0 = -5*y - c + 5, -1 = -y - c - k. Suppose -3*x - 5*t + 879 = -y*t, -3*x = -t - 863. Is x composite?
True
Suppose -2*j - 4*j = 0. Suppose j = t + 3*t - 3140. Is t composite?
True
Let r be 42/12 + 2/4. Suppose -f - 2 = 0, r*i - 2045 = 3*f + 477. Is i a composite number?
True
Suppose -36 = -2*i + 38. Suppose 196 + i = x. Is x a composite number?
False
Suppose 4*m - 255 - 4077 = 0. Suppose 2*b = m + 2719. Is b prime?
True
Suppose -2*n + 2*m + 9162 = 0, m = 30*n - 32*n + 9168. Is n a prime number?
True
Suppose 3*k - 2*b + 7 = -0*b, 0 = b + 1. Let s be k*(-3)/(-9)*3. Is s*2/(-18)*159 composite?
False
Suppose 0 = -11*z - 13902 + 89923. Is z a prime number?
True
Suppose 5*x - 3*u - 52 = 0, x + 3*u = -0*u + 14. Suppose x*r - 508 = 7*r. Is r a composite number?
False
Let a = -10444 + 16487. Is a prime?
True
Let x(r) = 1925*r + 186. Is x(11) composite?
True
Suppose -10*x = -7*x - 1188. Suppose -x + 124 = -m. Suppose m = d - i, -2*d + 529 = 4*i - i. Is d composite?
False
Suppose o = -2 - 0. Is (-7 - (-1650)/3) + 1*o a composite number?
False
Suppose -3*h + 9789 = -5*f, -3*f + 13052 = 4*h - f. Is h prime?
False
Suppose c + 35 = 4*a, -2*c + 21 = 5*a - 13. Is 391/1*(9 - a) composite?
True
Let h = 201 + 233. Suppose -h = -4*i + 890. Is i composite?
False
Let y(b) = b**2 - 3*b + 3. Let j be y(0). Suppose 4*m + j*m - 413 = 0. Is m prime?
True
Is ((-6)/9)/((10/(-87195))/1) a prime number?
True
Let p = 203 - -89. Let b = 520 + -278. Suppose -2*s - b = -c - 3*c, 5*c - p = -s. Is c a composite number?
False
Suppose 901 - 105 = 2*q. Suppose -2*n - 564 = -3*y, -4*n - q + 22 = -2*y. Suppose -y - 3 = -l. Is l prime?
True
Suppose w + 2 = 5*k, 5*w + 4*k = k + 102. Suppose 0 = 3*g - 8*g + 2255. Let r = g + w. Is r a composite number?
True
Suppose 5*d = 9*o - 5*o - 19492, -3*d = -o + 4873. Is o a prime number?
False
Let u be (-2)/12 + 1475/30. Let v = -14 + u. Suppose 39 = -2*y + 3*y - q, -y = q - v. Is y a prime number?
True
Let f(k) = -k**2 - 37*k + 128. Let t be f(-40). Let g(y) = -y**3 + 5*y**2 + y. Let j be g(6). Is (-14614)/j - t/60 a composite number?
False
Suppose -u = 5*n - 0 - 55, 3*u - 117 = -3*n. Let f be u/10 + (-2)/(-4). Let g(j) = 12*j**2 + 2*j - 1. Is g(f) composite?
False
Suppose -97752 - 296994 = -66*g. Is g prime?
True
Suppose -57 = 9*z - 3. Is (-47804)/(-133) - z/(-14) prime?
True
Suppose 3*h = -37 - 20. Is (h + -3)/((-6)/267) a composite number?
True
Let n be (-17)/(-5) + 2/(-5). Is 123 + -1*(n + -7) composite?
False
Let c(d) = 3*d**2 - 20*d + 97. Is c(-14) a prime number?
False
Let b(g) = 244*g**2 - 10*g + 3. Is b(4) a composite number?
True
Let u(x) = x**3 + 4*x**2 + 2*x - 2. Let p be u(-2). Suppose -p*c = 4, 0 = 2*f - 4*f - c + 86. Let t = f - -53. Is t prime?
True
Suppose -17050 = -4*h + 5*o, 2*h - 6*o = -8*o + 8534. Is h prime?
False
Suppose -345 = -4*z + 799. Let g = z - 119. Is g prime?
True
Suppose 1382 - 389 = -3*n. Let p = 1149 - 459. Let j = n + p. Is j a composite number?
False
Let q(r) be the second derivative of -129*r**3/2 - r**2/2 - 9*r. Is q(-1) prime?
False
Let o be 2 - 0 - (-1433 - 2). Let c = -758 + o. Is c a prime number?
False
Let r(s) = 62*s**2 + 12*s + 39. Is r(-10) a composite number?
True
Let h(r) = r - 15. Let d be h(23). Is (-6 - (-3270)/d) + (-1)/(-4) composite?
True
Let l(q) = 2 + 1 + 67*q - 200*q + 1. Is l(-3) prime?
False
Let d = 82 - 78. Suppose -5*l = -l - d*v - 8120, 0 = -3*v + 3. Is l a composite number?
True
Let d(y) be the third derivative of 2/15*y**5 - y**3 + 0*y + 0 + 1/8*y**4 + 8*y**2 + 1/120*y**6. Is d(-4) a prime number?
False
Suppose 0 = 3*j - 4*s - 20, 0*j - 2*s - 10 = 2*j. Suppose i - 203 = -4*c - 0*c, j = -3*i - 5*c + 581. Is i a prime number?
False
Let i be (-32)/(-10) - 4/20. Suppose -f + 4*b + 9732 = i*f, -b - 9738 = -4*f. Is f composite?
True
Suppose -8 = -4*m - 2*p, 2*m + 8 = -3*m + 2*p. Suppose -3 = 5*q + 7, m = -4*u - q - 1742. Let l = -172 - u. Is l a composite number?
False
Let m be -4 - 1/(-1) - (-5 + 2). Is 2722/2*(-2 - (m - 3)) prime?
True
Let u(d) = -105*d**3 - 5*d**2 - 18*d - 3. Let m be u(-5). Suppose 15*l - m = 149618. Is l prime?
True
Suppose -5*v - 5*g - 10 = 0, 5*g = -3*v - v - 7. Let k(x) = -x - 1 + 4 - 4 + 7*x**2. Is k(v) a prime number?
False
Let a be 4 + (-3)/(-6)*-8. Suppose -3*z + 3*f + 394 + 740 = a, 0 = 2*z - 3*f - 761. Is z a prime number?
True
Suppose -4*z + 2*z = -3*c + 3, -5*z = 5*c - 30. Suppose 2*k + s - 6211 = 0, 5*k - c*s + s - 15505 = 0. Is k prime?
False
Suppose 9*r - 5*r + 12 = 0. Is (982/1)/(0 + (-1 - r)) prime?
True
Let c(n) = 21*n**2 + 20*n + 316. Is c(-25) a composite number?
False
Suppose t + 63852 + 11652 = 5*b, 1 = t. Is b composite?
False
Suppose 4*c = c + 9. Let z(i) be the third derivative of 15*i**4/8 + i**3 + 2*i**2. Is z(c) a composite number?
True
Let j = -11 + 16. Let l(u) = 2*u - 8. Let a be l(j). Suppose a*s - 446 = 380. Is s composite?
True
Suppose 14*o - 16*o = 2. Let n(m) = -631*m**3 - m**2 + m + 2. Is n(o) prime?
True
Suppose 5*w + 4 = 14. Suppose w*c = -c + 4323. Suppose -c = -5*t - 2*y, 3*t = -2*t + 4*y + 1423. Is t a prime number?
False
Let j(i) be the third derivative of -i**4/3 - 11*i**3/6 + 10*i**2. Is j(-6) a prime number?
True
Suppose 5*j = 3*z + 6424, -2*z = j - z - 1280. Is j prime?
True
Let p(t) = 29*t - 11*t - 886*t**3 + 3*t**2 - 16*t. Is p(-1) a prime number?
True
Suppose -4104 = 10*t - 33134. Is t a prime number?
True
Suppose 451*j = 456*j - 69635. Is j prime?
False
Let c(t) = -t**3 + 21*t**2 - 24*t + 23. Let d(q) = 3*q**2 + 9*q + 6. Let z be d(-4). Is c(z) composite?
False
Suppose -26*a = -27*a + 3665. Is a a prime number?
False
Let b(d) be the first derivative of 133*d**2 - 27*d - 1. Let q(g) = 133*g - 14. Let i(j) = 3*b(j) - 5*q(j). Is i(4) a prime number?
True
Let h = 2085 - 934. Is h a prime number?
True
Let y(d) = -192*d - 5. Let m(h) = 576*h + 15. Let v(g) = -4*m(g) - 11*y(g). Is v(-2) a prime number?
True
Let f = 89409 - 23732. Is f a prime number?
True
Is (-101)/404 + 122442/8 composite?
True
Suppose x = 3*y - 16, x + 3*y + 96 = -2*x. Is x/70 - 172/(-5) a composite number?
True
Suppose 0 = 4*q - 2*q + 248. Let r = 532 + -313. Let a = q + r. Is a a prime number?
False
Suppose -2*q - 4*s + 10 = 0, -5*q = -0*s - 3*s - 38. Suppose z - q = v - 36, v - 13 = 5*z. Suppose 0*t + v = t. Is t composite?
True
Suppose 10 = x - 3*s - 2, 8 = 2*x - 2*s. Suppose -3*u + 6 = x, 4*c + 3*u - 774 = 124. Suppose -2*j + 446 = -2*b, j - c = -0*j + 4*b. Is j prime?
True
Let l be 38/3*1*(-1578)/4. Let j = l + 9730. Is j composite?
False
Let o be ((-12)/20)/(2/(-10)). Let i(u) = 2*u**3 - 3*u**2 + u + 5. Is i(o) a composite number?
True
Let b(d) = 3*d**2 - 5*d - 7. Suppose 3*k = 2*k + 10. Let m be b(k). Suppose -3*v + m = 2*r, 0 = 2*r + 4 + 2. Is v composite?
False
Suppose 8*b = 22*b - 142198. Suppose b = -5*z + 42262. Is z composite?
False
Suppose -14724 = -4*o + 2*k, 236*o + 2*k - 3691 = 235*o. Is o a composite number?
True
Let q(a) be the third derivative of -7*a**4/4 + 35*a**3/6 - 2*a**2. Is q(-18) prime?
False
Let a(c) = 79*c**2 - 6*c - 5. Let o be a(-5). Suppose 6*i - o = -146. Is i a composite number?
True
Let l = -379 + 1518. Is l composite?
True
Suppose -2*s + 8 = -s + o, 0 = -3*s + 3*o - 6. Suppose 6*g - 4*x = s*g - 25, -5*g + 4*x = 39. Let q(z) = 4*z**2 + 11*z + 8. Is q(g) a prime number?
True
Suppose -2804 = -3*n + 5*t + 6954, 4*n - 5*t - 13009 = 0. Is n prime?
True
Suppose 5*f + 467 = -353. Let w = -241 - f. Let v = w - -162. Is v prime?
False
Suppose -7*t + 67608 = -4*t + 3*m, -t - 4*m = -22551. Is t composite?
False
Let y(a) = -747*a + 224. Is y(-13) prime?
False
Let c = -23 + 24. Is (2 - c)/(4*5/10820) composite?
False
Suppose 0*z = 3*z - 3*m - 1314, 4*z = 5*m + 1750. Let j = 237 - z. Is 7/28 + j/(-4) a prime number?
False
Let t = -19182 - -45485. Is t prime?
False
Let f(y) = y**3 - 8*y**2 - 6*y + 9. Let h be f(7). Let a = 169 - h. Is a a prime number